{"id":869,"date":"2023-02-23T19:54:42","date_gmt":"2023-02-23T19:54:42","guid":{"rendered":"https:\/\/www.montazemocek.cz\/?page_id=869"},"modified":"2023-02-23T20:15:43","modified_gmt":"2023-02-23T20:15:43","slug":"gealan-profil","status":"publish","type":"page","link":"https:\/\/www.montazemocek.cz\/index.php\/gealan-profil\/","title":{"rendered":"GEALAN profil"},"content":{"rendered":"<div id=\"skt-builder-menu-block-31\" class=\"skt-builder-block-wrapper skt-builder-menu-block skt-builder-menu-block-31\" style=\"background-color: #ffffff; background-image: url(http:\/\/www.montazemocek.cz\/wp-content\/uploads\/2023\/01\/a-3.png); padding-bottom: 20px; padding-top: 60px; \">\r\n\t<div class=\"skt-builder-block-inner skt-builder-block-inner-31\" style=\"\">\r\n\t\t<div class=\"skt-builder-container\">\r\n        \t<style>\r\n            \t.skt-builder-menu-block-31 .skt-builder-block-column-button{background-color: #ffffff; color: #ffffff;}\r\n\t\t\t\t.skt-builder-menu-block-31 .skt-builder-block-column-button:hover{background-color: #282828; color: #ffffff;}\r\n            <\/style>\r\n\t\t\t\t<div class=\"skt-builder-block-title\">\r\n\t\t\t\t\t<h2 style=\"color: #282828; text-align: center;\">GEALAN profil<\/h2>\r\n\t\t\t\t<\/div>\r\n                <div class=\"skt-builder-block-description\"><p class=\"ql-align-center\"><br><\/p><\/div>\r\n\t\t\t<div class=\"skt-builder-columns-row skt-builder-columns-row-2column\">\r\n\t\t\t\t\t<div class=\"skt-builder-column skt-builder-menu-column skt-builder-menu-column-33\">\r\n                    \t<style>\r\n\t\t\t\t\t\t\t.skt-builder-menu-column-33 .skt-builder-menu-column-title a:hover{color: #84dcc6 !important;}\r\n\t\t\t\t\t\t<\/style>\r\n                    \t<div class=\"skt-builder-column-inner\">\r\n                        \t<a href=\"#\" ><img decoding=\"async\" class=\"skt-builder-menu-column-image\" src=\"http:\/\/www.montazemocek.cz\/wp-content\/uploads\/2023\/02\/8003x8094.png\"><\/a>\r\n                        \t<div class=\"skt-builder-menu-column-info\">\r\n                        \t\t<h3 class=\"skt-builder-menu-column-title\"><a href=\"#\" style=\"color: #282828;\" >S 8000 IQ<\/a><\/h3>\r\n                                <span class=\"skt-builder-menu-column-price\" style=\"color: #9437fd;\"><\/span>\r\n                            <\/div>\r\n                            <div class=\"skt-builder-menu-column-description\" style=\"color: #808b98;\"><p>Origin\u00e1ln\u00ed profily GEALAN Fenster-Systeme GmbH z vysoce kvalitn\u00edho tvrzen\u00e9ho PVC s koexstrudovan\u00fdmi nosi\u010di zaru\u010duj\u00edc\u00ed tvarovou stabilitu, barevnou st\u00e1lost a snadnou \u00fadr\u017ebu. GEALAN S8000 IQ je \u0161estikomorov\u00fd profilov\u00fd syst\u00e9m o&nbsp;hloubce 74 mm dopln\u011bn\u00fd o&nbsp;dv\u011b t\u011bsn\u011bn\u00ed. S&nbsp;uzav\u0159enou ocelovou v\u00fdztuhou o&nbsp;min. tlou\u0161\u0165ce 1,5 mm u&nbsp;oken a&nbsp;balkonov\u00fdch dve\u0159\u00ed a&nbsp;2 mm u&nbsp;vstupn\u00edch dve\u0159\u00ed se tento profil vyzna\u010duje v\u00fdbornou stabilitou.<\/p><p><br><\/p><ul><li>6 komorov\u00e1 konstrukce<\/li><li>Stavebn\u00ed hloubka 74 mm<\/li><li>2 verze k\u0159\u00eddel \u2013 rovn\u00e9 nebo p\u0159edsazen\u00e9<\/li><li>Profil m\u00e1 2 t\u011bsn\u011bn\u00ed<\/li><li>Zasklen\u00ed \u2013 izola\u010dn\u00ed dvojsklo 1,1 \u2013 trojsklo 0,6 W\/m2K<\/li><li>Ve standardu pojistka proti nespr\u00e1vn\u00e9 manipulaci s klikou<\/li><li>2-stup\u0148ov\u00e1 mikroventilace (okno OS)<\/li><li>Kvalitn\u00ed kov\u00e1n\u00ed Siegenia Aubi TITAN<\/li><li>Mo\u017enost povrchov\u00e9 \u00fapravy ACRYLCOLOR<\/li><li>Mo\u017enost v\u00fdroby okna s pevn\u00fdm nebo pohybliv\u00fdm sloupkem<\/li><li>Doporu\u010deno pro energeticky \u00fasporn\u00e9 stavby<\/li><\/ul><p><br><\/p><\/div>\r\n                        <\/div>\r\n\t\t\t\t\t<\/div>\r\n\t\t\t\t\t<div class=\"skt-builder-column skt-builder-menu-column skt-builder-menu-column-49\">\r\n                    \t<style>\r\n\t\t\t\t\t\t\t.skt-builder-menu-column-49 .skt-builder-menu-column-title a:hover{color: #84dcc6 !important;}\r\n\t\t\t\t\t\t<\/style>\r\n                    \t<div class=\"skt-builder-column-inner\">\r\n                        \t<a href=\"#\" ><img decoding=\"async\" class=\"skt-builder-menu-column-image\" src=\"http:\/\/www.montazemocek.cz\/wp-content\/uploads\/2023\/02\/s9000.jpg\"><\/a>\r\n                        \t<div class=\"skt-builder-menu-column-info\">\r\n                        \t\t<h3 class=\"skt-builder-menu-column-title\"><a href=\"#\" style=\"color: #282828;\" >S 9000<\/a><\/h3>\r\n                                <span class=\"skt-builder-menu-column-price\" style=\"color: #9437fd;\"><\/span>\r\n                            <\/div>\r\n                            <div class=\"skt-builder-menu-column-description\" style=\"color: #808b98;\"><p>Firma GEALAN spojila v\u0161echny prvky technologie a&nbsp;designu do jednoho unik\u00e1tn\u00edho profilu jm\u00e9nem GEALAN S9000. V&nbsp;tomto profilu najdete modern\u00ed design, v\u00fdbornou technologii v\u00fdztuhy, t\u011bsn\u011bn\u00ed a&nbsp;skla. Tento profil umo\u017e\u0148uje co nejl\u00e9pe uspokojit vysok\u00e9 n\u00e1roky na&nbsp;okna pro pasivn\u00ed domy.<\/p><p>GEALAN S9000 je ur\u010den do v\u0161ech typ\u016f staveb. Celkov\u00fd prostup okna mu\u017ee dos\u00e1hnout a\u017e na&nbsp;hodnotu Uw=0,73 W\/m2K.<\/p><ul><li>6 komorov\u00e1 konstrukce<\/li><li>Stavebn\u00ed hloubka 83 mm<\/li><li>Syst\u00e9m se 3 t\u011bsn\u011bn\u00edmi \u2013 st\u0159edov\u00e9 t\u011bsn\u011bn\u00ed<\/li><li>Zasklen\u00ed \u2013 izola\u010dn\u00ed trojsklo 0,5 W\/m2K<\/li><li>Ve standardu pojistka proti nespr\u00e1vn\u00e9 manipulaci s klikou<\/li><li>2-stup\u0148ov\u00e1 mikroventilace (okno OS)<\/li><li>Kvalitn\u00ed kov\u00e1n\u00ed Siegenia Aubi TITAN<\/li><li>Mo\u017enost povrchov\u00e9 \u00fapravy ACRYLCOLOR<\/li><li>STV technologie \u2013 mo\u017enost lepen\u00e9ho skla v&nbsp;k\u0159\u00eddle<\/li><li>Mo\u017enost v\u00fdroby okna s pevn\u00fdm nebo pohybliv\u00fdm sloupkem<\/li><li>Doporu\u010deno pro energeticky \u00fasporn\u00e9 stavby nebo pasivn\u00ed stavby<\/li><\/ul><p><br><\/p><\/div>\r\n                        <\/div>\r\n\t\t\t\t\t<\/div>\r\n\t\t\t<\/div>\r\n            <div class=\"skt-builder-block-column-button-wrap\" style=\"top: 53px;\"><a sty class=\"skt-builder-block-column-button\" href=\"#\" ><\/a><\/div>\r\n\t\t<\/div>\r\n\t<\/div>\r\n<\/div><!-- sktbuilder starter --><script type=\"text\/javascript\" src=\"https:\/\/www.montazemocek.cz\/wp-content\/plugins\/skt-builder\/sktbuilder\/sktbuilder-frontend-starter.js\"><\/script><script type=\"text\/javascript\" src=\"https:\/\/www.montazemocek.cz\/wp-content\/plugins\/skt-builder\/sktbuilder-wordpress-driver.js\"><\/script><script type=\"text\/javascript\"> var starter = new SktbuilderStarter({\"mode\": \"prod\", \"skip\":[\"jquery\",\"underscore\",\"backbone\"],\"sktbuilderUrl\": \"https:\/\/www.montazemocek.cz\/wp-content\/plugins\/skt-builder\/sktbuilder\/\", \"driver\": new SktbuilderWordpressDriver({\"ajaxUrl\": \"https:\/\/www.montazemocek.cz\/wp-admin\/admin-ajax.php\", \"iframeUrl\": \"https:\/\/www.montazemocek.cz\/index.php\/gealan-profil\/?sktbuilder=true\", \"pageId\": 869,  \"nonce\": \"ab5cb73590\", \"pages\": [{\"title\":\"No title\",\"url\":\"https:\\\/\\\/www.montazemocek.cz\\\/wp-admin\\\/post.php?post=30&action=sktbuilder\"},{\"title\":\"Galerie\",\"url\":\"https:\\\/\\\/www.montazemocek.cz\\\/wp-admin\\\/post.php?post=127&action=sktbuilder\"},{\"title\":\"Okna a dve\\u0159e\",\"url\":\"https:\\\/\\\/www.montazemocek.cz\\\/wp-admin\\\/post.php?post=167&action=sktbuilder\"},{\"title\":\"O N\\u00c1S\",\"url\":\"https:\\\/\\\/www.montazemocek.cz\\\/wp-admin\\\/post.php?post=190&action=sktbuilder\"},{\"title\":\"No title\",\"url\":\"https:\\\/\\\/www.montazemocek.cz\\\/wp-admin\\\/post.php?post=256&action=sktbuilder\"}], \"page\": \"GEALAN profil\" }) });<\/script><!-- end sktbuilder starter -->","protected":false},"excerpt":{"rendered":"<p>GEALAN profil S 8000 IQ Origin\u00e1ln\u00ed profily GEALAN Fenster-Systeme GmbH z vysoce kvalitn\u00edho tvrzen\u00e9ho PVC s koexstrudovan\u00fdmi nosi\u010di zaru\u010duj\u00edc\u00ed tvarovou stabilitu, barevnou st\u00e1lost a snadnou \u00fadr\u017ebu. GEALAN S8000 IQ je \u0161estikomorov\u00fd profilov\u00fd syst\u00e9m o&nbsp;hloubce 74 mm dopln\u011bn\u00fd o&nbsp;dv\u011b t\u011bsn\u011bn\u00ed. S&nbsp;uzav\u0159enou ocelovou v\u00fdztuhou o&nbsp;min. tlou\u0161\u0165ce 1,5 mm u&nbsp;oken a&nbsp;balkonov\u00fdch dve\u0159\u00ed a&nbsp;2 mm u&nbsp;vstupn\u00edch dve\u0159\u00ed se tento<br \/><a class=\"moretag\" href=\"https:\/\/www.montazemocek.cz\/index.php\/gealan-profil\/\">+ Read More<\/a><\/p>\n","protected":false},"author":1,"featured_media":0,"parent":0,"menu_order":0,"comment_status":"closed","ping_status":"closed","template":"templates\/page-builder.php","meta":{"footnotes":""},"_links":{"self":[{"href":"https:\/\/www.montazemocek.cz\/index.php\/wp-json\/wp\/v2\/pages\/869"}],"collection":[{"href":"https:\/\/www.montazemocek.cz\/index.php\/wp-json\/wp\/v2\/pages"}],"about":[{"href":"https:\/\/www.montazemocek.cz\/index.php\/wp-json\/wp\/v2\/types\/page"}],"author":[{"embeddable":true,"href":"https:\/\/www.montazemocek.cz\/index.php\/wp-json\/wp\/v2\/users\/1"}],"replies":[{"embeddable":true,"href":"https:\/\/www.montazemocek.cz\/index.php\/wp-json\/wp\/v2\/comments?post=869"}],"version-history":[{"count":5,"href":"https:\/\/www.montazemocek.cz\/index.php\/wp-json\/wp\/v2\/pages\/869\/revisions"}],"predecessor-version":[{"id":877,"href":"https:\/\/www.montazemocek.cz\/index.php\/wp-json\/wp\/v2\/pages\/869\/revisions\/877"}],"wp:attachment":[{"href":"https:\/\/www.montazemocek.cz\/index.php\/wp-json\/wp\/v2\/media?parent=869"}],"curies":[{"name":"wp","href":"https:\/\/api.w.org\/{rel}","templated":true}]}}