{"id":127,"date":"2019-02-16T20:15:23","date_gmt":"2019-02-16T20:15:23","guid":{"rendered":"http:\/\/www.montazemocek.cz\/?page_id=127"},"modified":"2024-05-23T21:25:45","modified_gmt":"2024-05-23T21:25:45","slug":"galerie","status":"publish","type":"page","link":"https:\/\/www.montazemocek.cz\/index.php\/galerie\/","title":{"rendered":"Galerie"},"content":{"rendered":"<div class=\"skt-builder-block-wrapper skt-builder-home-section5-block skt-builder-home-section5-block-352\" style=\"background-color: #ffffff; background-image: url(); padding-bottom: 70px; padding-top: 80px; \">\r\n\t<div class=\"skt-builder-block-inner skt-builder-block-inner-352\" style=\"\">\r\n\t\t<div class=\"skt-builder-container\">\r\n\t\t\t\t<div class=\"skt-builder-block-title\" style=\"text-align: center;\">\r\n\t\t\t\t\t<h2 style=\"color: #31354c; font-size: 42px; margin-bottom: 60px; text-align: center;\">Galerie<\/h2>\r\n                    \r\n\t\t\t\t<\/div>\r\n\t\t\t<div class=\"skt-builder-columns-row skt-builder-columns-row-2column\">\r\n            \r\n            <div class=\"servicebox-364\">\r\n\t\t\t <style>\r\n            \t.servicebox-364:hover .skt-builder-service-column-title{color:#ffb400 !important;}\r\n\t\t\t\t.servicebox-364:hover .skt-builder-column-inner{border-color: #ffb400 !important;}\r\n             <\/style>\r\n             \r\n\t\t\t\t\t<div class=\"skt-builder-column skt-builder-service-column  delay-2s\">\r\n                        <a href=\"http:\/\/www.montazemocek.cz\/index.php\/538-2\/\"><div class=\"skt-builder-column-inner\" style=\"background-color:#fff;\">\r\n                            <img decoding=\"async\" class=\"skt-builder-service-column-icon\" src=\"http:\/\/www.montazemocek.cz\/wp-content\/uploads\/2022\/04\/IMG-20220317-WA0002-3.jpg\">\r\n                            <h3 class=\"skt-builder-service-column-title\" style=\"color:#5b5b5b; font-size:36px;\">Manipulace s b\u0159emeny<\/h3>\r\n                            <div class=\"skt-builder-service-column-text\"><p><br><\/p><\/div>\r\n                        <\/div><\/a>\r\n\t\t\t\t\t<\/div>\r\n                    <\/div>\r\n            <div class=\"servicebox-367\">\r\n\t\t\t <style>\r\n            \t.servicebox-367:hover .skt-builder-service-column-title{color:#ffb400 !important;}\r\n\t\t\t\t.servicebox-367:hover .skt-builder-column-inner{border-color: #ffb400 !important;}\r\n             <\/style>\r\n             \r\n\t\t\t\t\t<div class=\"skt-builder-column skt-builder-service-column  delay-2s\">\r\n                        <a href=\"http:\/\/www.montazemocek.cz\/index.php\/535-2\/\"><div class=\"skt-builder-column-inner\" style=\"background-color:#fff;\">\r\n                            <img decoding=\"async\" class=\"skt-builder-service-column-icon\" src=\"http:\/\/www.montazemocek.cz\/wp-content\/uploads\/2019\/06\/20190531_125702-1-1.jpg\">\r\n                            <h3 class=\"skt-builder-service-column-title\" style=\"color:#5b5b5b; font-size:36px;\">Mont\u00e1\u017ee v Rakousku<\/h3>\r\n                            <div class=\"skt-builder-service-column-text\"><p><br><\/p><\/div>\r\n                        <\/div><\/a>\r\n\t\t\t\t\t<\/div>\r\n                    <\/div>\r\n\t\t\t<\/div>\r\n\t\t<\/div>\r\n\t<\/div>\r\n<\/div>\r\n\r\n<script>\r\njQuery(document).ready(function() {\r\n    jQuery('p').each(function() {\r\n        var $this = jQuery(this);\r\n        if($this.html().replace(\/s|&nbsp;\/g, '').length == 0) {\r\n            $this.remove();\r\n        }\r\n    });\r\n});\r\n\r\njQuery(document).ready(function() {\r\n    jQuery('p').each(function() {\r\n        var $this = jQuery(this);\r\n        if($this.html().replace(\/s|<br>\/g, '').length == 0) {\r\n            $this.remove();\r\n        }\r\n    });\r\n});\r\n<\/script><!-- sktbuilder starter --><script type=\"text\/javascript\" src=\"https:\/\/www.montazemocek.cz\/wp-content\/plugins\/skt-builder\/sktbuilder\/sktbuilder-frontend-starter.js\"><\/script><script type=\"text\/javascript\" src=\"https:\/\/www.montazemocek.cz\/wp-content\/plugins\/skt-builder\/sktbuilder-wordpress-driver.js\"><\/script><script type=\"text\/javascript\"> var starter = new SktbuilderStarter({\"mode\": \"prod\", \"skip\":[\"jquery\",\"underscore\",\"backbone\"],\"sktbuilderUrl\": \"https:\/\/www.montazemocek.cz\/wp-content\/plugins\/skt-builder\/sktbuilder\/\", \"driver\": new SktbuilderWordpressDriver({\"ajaxUrl\": \"https:\/\/www.montazemocek.cz\/wp-admin\/admin-ajax.php\", \"iframeUrl\": \"https:\/\/www.montazemocek.cz\/index.php\/galerie\/?sktbuilder=true\", \"pageId\": 127,  \"nonce\": \"ab5cb73590\", \"pages\": [{\"title\":\"No title\",\"url\":\"https:\\\/\\\/www.montazemocek.cz\\\/wp-admin\\\/post.php?post=30&action=sktbuilder\"},{\"title\":\"Okna a dve\\u0159e\",\"url\":\"https:\\\/\\\/www.montazemocek.cz\\\/wp-admin\\\/post.php?post=167&action=sktbuilder\"},{\"title\":\"O N\\u00c1S\",\"url\":\"https:\\\/\\\/www.montazemocek.cz\\\/wp-admin\\\/post.php?post=190&action=sktbuilder\"},{\"title\":\"No title\",\"url\":\"https:\\\/\\\/www.montazemocek.cz\\\/wp-admin\\\/post.php?post=256&action=sktbuilder\"}], \"page\": \"Galerie\" }) });<\/script><!-- end sktbuilder starter -->","protected":false},"excerpt":{"rendered":"<p>Galerie Manipulace s b\u0159emeny Mont\u00e1\u017ee v Rakousku<\/p>\n","protected":false},"author":1,"featured_media":0,"parent":0,"menu_order":3,"comment_status":"closed","ping_status":"closed","template":"templates\/page-builder.php","meta":{"footnotes":""},"_links":{"self":[{"href":"https:\/\/www.montazemocek.cz\/index.php\/wp-json\/wp\/v2\/pages\/127"}],"collection":[{"href":"https:\/\/www.montazemocek.cz\/index.php\/wp-json\/wp\/v2\/pages"}],"about":[{"href":"https:\/\/www.montazemocek.cz\/index.php\/wp-json\/wp\/v2\/types\/page"}],"author":[{"embeddable":true,"href":"https:\/\/www.montazemocek.cz\/index.php\/wp-json\/wp\/v2\/users\/1"}],"replies":[{"embeddable":true,"href":"https:\/\/www.montazemocek.cz\/index.php\/wp-json\/wp\/v2\/comments?post=127"}],"version-history":[{"count":37,"href":"https:\/\/www.montazemocek.cz\/index.php\/wp-json\/wp\/v2\/pages\/127\/revisions"}],"predecessor-version":[{"id":980,"href":"https:\/\/www.montazemocek.cz\/index.php\/wp-json\/wp\/v2\/pages\/127\/revisions\/980"}],"wp:attachment":[{"href":"https:\/\/www.montazemocek.cz\/index.php\/wp-json\/wp\/v2\/media?parent=127"}],"curies":[{"name":"wp","href":"https:\/\/api.w.org\/{rel}","templated":true}]}}